{"id":2,"date":"2020-07-22T23:02:25","date_gmt":"2020-07-22T20:02:25","guid":{"rendered":"http:\/\/suppaku.fi\/?page_id=2"},"modified":"2024-07-04T21:40:31","modified_gmt":"2024-07-04T18:40:31","slug":"esimerkkisivu","status":"publish","type":"page","link":"https:\/\/suppaku.fi\/","title":{"rendered":"Vuokraa SUP-lauta"},"content":{"rendered":"\n<p>Vuokraamme SUP-lautoja Turussa, Kaarinassa ja l\u00e4hialueilla. <\/p>\n\n\n\n<h4 class=\"wp-block-heading\"><strong>Vuokraa noutopisteelt\u00e4mme k\u00e4ytt\u00f6\u00f6si SUP-lauta tai kajakki!<\/strong><\/h4>\n\n\n\n<p>Huom. noutopisteemme ei sijaitse suoraan rannalla.<\/p>\n\n\n\n<p>Uittamon kuntosali sijaitsee Ispoisten rannan l\u00e4hist\u00f6ll\u00e4, (1km) ja Kaarinan noutopiste (Vihnetie 2) sijaitsee  Voivalan uimarannan l\u00e4hist\u00f6ll\u00e4 (1km). Meilt\u00e4 voit napata SUP-laudan tai kajakin vuokralle k\u00e4tev\u00e4sti matkalla rannalle.<\/p>\n\n\n\n<p>Pienemm\u00e4t laudat pystyy kuljettamaan isossa kantokassissa jopa k\u00e4vellen, isompia lautoja varten tarvitset auton. Salilta ajaa rantaan parissa minuutissa. Lautamme ovat pumpattavia, joten ne mahtuvat henkil\u00f6autoon. <\/p>\n\n\n\n<p>Vuokraukseen kuuluu lauta, mela, pumppu ja kelluntaliivi. Osaan lautoja saatavilla kantokassi pyydett\u00e4ess\u00e4.<\/p>\n\n\n\n<p><\/p>\n\n\n\n<p><strong>Hinnasto noudettuna:<\/strong><\/p>\n\n\n\n<p>P\u00e4iv\u00e4 &#8211; 30 \u20ac <\/p>\n\n\n\n<p>(Lis\u00e4p\u00e4iv\u00e4t 15 \u20ac)<\/p>\n\n\n\n<p>Pidemm\u00e4t ajat sopimuksen mukaan. Viikonloppuvuokra alkaen 60 \u20ac.<\/p>\n\n\n\n<p>SUP-lauta saatavana my\u00f6s kuljetettuna paikan p\u00e4\u00e4lle. Hinnat kuljetettuna alkaen 50\u20ac.<\/p>\n\n\n\n<p>Tiedustelut ja varaukset:<\/p>\n\n\n\n<p><a href=\"https:\/\/www.varaaheti.fi\/uittamonkuntosali\/fi\">Nettiajanvarauksesta<\/a> tai<\/p>\n\n\n\n<p>anni@uittamonkuntosali.fi \/ 044 9759 311<\/p>\n\n\n\n<figure class=\"wp-block-image size-large\"><img decoding=\"async\" loading=\"lazy\" width=\"768\" height=\"1024\" src=\"http:\/\/suppaku.fi\/wp-content\/uploads\/2021\/06\/WhatsApp-Image-2021-06-23-at-19.55.16-768x1024.jpeg\" alt=\"\" class=\"wp-image-49\" srcset=\"https:\/\/suppaku.fi\/wp-content\/uploads\/2021\/06\/WhatsApp-Image-2021-06-23-at-19.55.16-768x1024.jpeg 768w, https:\/\/suppaku.fi\/wp-content\/uploads\/2021\/06\/WhatsApp-Image-2021-06-23-at-19.55.16-225x300.jpeg 225w, https:\/\/suppaku.fi\/wp-content\/uploads\/2021\/06\/WhatsApp-Image-2021-06-23-at-19.55.16-1152x1536.jpeg 1152w, https:\/\/suppaku.fi\/wp-content\/uploads\/2021\/06\/WhatsApp-Image-2021-06-23-at-19.55.16.jpeg 1200w\" sizes=\"(max-width: 768px) 100vw, 768px\" \/><\/figure>\n","protected":false},"excerpt":{"rendered":"<p>Vuokraamme SUP-lautoja Turussa, Kaarinassa ja l\u00e4hialueilla. Vuokraa noutopisteelt\u00e4mme k\u00e4ytt\u00f6\u00f6si SUP-lauta tai kajakki! Huom. noutopisteemme ei sijaitse suoraan rannalla. Uittamon kuntosali sijaitsee Ispoisten rannan l\u00e4hist\u00f6ll\u00e4, (1km) ja Kaarinan noutopiste (Vihnetie 2) sijaitsee Voivalan uimarannan l\u00e4hist\u00f6ll\u00e4 (1km). Meilt\u00e4 voit napata SUP-laudan tai kajakin vuokralle k\u00e4tev\u00e4sti matkalla rannalle. Pienemm\u00e4t laudat pystyy kuljettamaan isossa kantokassissa jopa k\u00e4vellen, isompia lautoja [&hellip;]<\/p>\n","protected":false},"author":1,"featured_media":15,"parent":0,"menu_order":0,"comment_status":"closed","ping_status":"closed","template":"","meta":[],"_links":{"self":[{"href":"https:\/\/suppaku.fi\/index.php?rest_route=\/wp\/v2\/pages\/2"}],"collection":[{"href":"https:\/\/suppaku.fi\/index.php?rest_route=\/wp\/v2\/pages"}],"about":[{"href":"https:\/\/suppaku.fi\/index.php?rest_route=\/wp\/v2\/types\/page"}],"author":[{"embeddable":true,"href":"https:\/\/suppaku.fi\/index.php?rest_route=\/wp\/v2\/users\/1"}],"replies":[{"embeddable":true,"href":"https:\/\/suppaku.fi\/index.php?rest_route=%2Fwp%2Fv2%2Fcomments&post=2"}],"version-history":[{"count":20,"href":"https:\/\/suppaku.fi\/index.php?rest_route=\/wp\/v2\/pages\/2\/revisions"}],"predecessor-version":[{"id":113,"href":"https:\/\/suppaku.fi\/index.php?rest_route=\/wp\/v2\/pages\/2\/revisions\/113"}],"wp:featuredmedia":[{"embeddable":true,"href":"https:\/\/suppaku.fi\/index.php?rest_route=\/wp\/v2\/media\/15"}],"wp:attachment":[{"href":"https:\/\/suppaku.fi\/index.php?rest_route=%2Fwp%2Fv2%2Fmedia&parent=2"}],"curies":[{"name":"wp","href":"https:\/\/api.w.org\/{rel}","templated":true}]}}